= 0. What are the prime factors of b?
2, 67
Suppose 33*s = 6*s + 12069. List the prime factors of s.
3, 149
List the prime factors of 30/(-60) + 3/2 - -1427.
2, 3, 7, 17
Let c = 353 - -506. What are the prime factors of c?
859
Let n(l) = -2*l**3 + 5*l**2 - 2*l. Let t be n(2). Suppose -2*q - 2*p + 286 = t, 2*p - 183 = -4*q + 381. List the prime factors of q.
139
Let r(s) = -s**3 + s + 1. Let f(w) = 6*w**3 + 5*w**2 - 9*w + 7. Let q(m) = f(m) + 5*r(m). List the prime factors of q(-5).
2
Suppose -17*n + 2003 = 3*f - 13*n, n = -1. What are the prime factors of f?
3, 223
Let m be 1*(-195 - (5 + -2)). List the prime factors of (2 - m/3)*2.
2, 17
List the prime factors of (1*1/2)/((-184)/(-369104)).
17, 59
Let q be 116/12 - (-2)/6. Let u(y) = 7*y + 10. Let c be u(20). Suppose -q = -5*w + c. What are the prime factors of w?
2
Let z(q) = q**3 - 7 - q + 0 + 0*q**2 + 12*q**2. Let a be z(-12). Suppose -28 = a*w - 148. What are the prime factors of w?
2, 3
Suppose -4*b + 100 = -128. Suppose 13*l = 11*l + 168. Let z = l - b. What are the prime factors of z?
3
What are the prime factors of -3 - ((-116487)/56 - 3/(-24))?
31, 67
Suppose -2*q - c + 7194 = 0, -q + 4*c + 1599 + 1998 = 0. List the prime factors of q.
3, 11, 109
Suppose -v - 2*h = 2*h - 330, -v = 3*h - 334. List the prime factors of v.
2, 173
Let i(p) = p. Let x be i(-9). What are the prime factors of ((-40)/32)/(3/8)*x?
2, 3, 5
Let k be (-1)/(1 + -2) + 15. Let w = k - 16. Suppose 3*i + 0 - 9 = w. What are the prime factors of i?
3
Let h be 4/10 - 8/(-5). Suppose 372 = h*f - 6*f. Let b = 135 + f. What are the prime factors of b?
2, 3, 7
Let a(f) = 63*f**3 - f + 1. What are the prime factors of a(1)?
3, 7
Suppose -4*l + 319 - 74 = i, 2*i = -4*l + 494. List the prime factors of i.
3, 83
Let d be 402/(-33) + 4/22. List the prime factors of d/54 + 506/9.
2, 7
Suppose 166*h = 176*h - 5950. List the prime factors of h.
5, 7, 17
Let m be (-12)/(-10) + -1 - (-87084)/205. Suppose -11*t + 16*t = m. List the prime factors of t.
5, 17
Suppose -2*h = 2*r - 5*r - 81, -3*r = 4*h - 189. Let g = h - -5. List the prime factors of g.
2, 5
Let d(o) = -o**3 + 13*o**2 + 6*o + 12. Let z(j) = -j. Let q(n) = d(n) - 6*z(n). Let w be q(13). Suppose 4*k + 0*k - w = 0. What are the prime factors of k?
2, 3, 7
Suppose 0 = 3*r - 8155 - 944. List the prime factors of r.
3, 337
Let f(y) = -y + 15. Let k be f(7). Suppose i = 3*p - k + 1, -3*i = p - 9. What are the prime factors of i?
2
Suppose 10*c - 2*c = 4544. What are the prime factors of c?
2, 71
Let u(v) be the second derivative of -39*v**5/20 + v**4/12 + v**3/3 + v**2 - v. What are the prime factors of u(-1)?
2, 5
Let d = 1613 - 301. What are the prime factors of d?
2, 41
Suppose -3*l = -6*l + 15. Suppose 0 = -5*p - l*j + 10, 3*j + j = 20. What are the prime factors of ((-70)/(-3))/((-2)/p)?
5, 7
Let k(b) = 6*b**3 - b**2 - b + 4. Let g be k(4). Suppose 3*o + g = 5*o. What are the prime factors of o/(-8)*(1 - 2)?
23
Let c = 1 - 1. List the prime factors of (c - -4)/(-2 + (-385)/(-190)).
2, 19
Let u = -28 + 35. Suppose -4*o = 4*f - 136, 3*o - f + 121 = u*o. Suppose 2*d = c - 5 + o, -2*d + 3*c + 20 = 0. List the prime factors of d.
13
Suppose -2*d - 2*d = 108. Let c = d + 27. Suppose c = 8*u - 9*u + 54. List the prime factors of u.
2, 3
Suppose -9*y = -7*y - 8. Suppose 0 = -5*c + y*c + 150. What are the prime factors of c?
2, 3, 5
Suppose q = 6*q - 2*f - 1722, 1031 = 3*q + f. Suppose 3*t = t + q. List the prime factors of 28/(-70) + t/5.
2, 17
Let n(z) be the second derivative of z**3/2 - 3*z**2 - 3*z. Let s be 10 - ((-30)/5)/(-3). What are the prime factors of n(s)?
2, 3
Let c(m) be the first derivative of -m**2/2 - m - 6. Let h be c(-5). Suppose -r - 2*x = r - 68, -h*x - 34 = -r. What are the prime factors of r?
2, 17
Suppose 12808 = 4*y + 3*f, 0*y - 3*f + 16013 = 5*y. List the prime factors of y.
5, 641
Suppose -14*a - 6 = -17*a. Suppose 3*h + a*h - 315 = 0. What are the prime factors of h?
3, 7
Let l(w) = 2*w**2 - 5*w + 4. Let r be l(7). Suppose b - f - r = 0, 0 = 3*b - f - f - 199. Suppose -4*z = -b - 43. List the prime factors of z.
3
Suppose -3*b + 2*b = -4*g + 1, 3 = -3*b - 4*g. Let v be b/(-3)*(-1089)/(-11). What are the prime factors of 4/(-22) - (-270)/v?
2
Let t be ((-3)/((-6)/(-52)))/(10/(-45)). Suppose t = m - o + 6*o, -o = -4*m + 447. List the prime factors of m.
2, 7
Let k(d) = 8*d - 2 + d**3 - 3 - 6*d**2 + 0 - d. Let i be (-95)/(-20) - 1/(-4). List the prime factors of k(i).
5
Suppose -3*z + 0*z - 198 = 0. Let y be (-160)/26 + (-42)/(-273). List the prime factors of (0 + z)/(9/y).
2, 11
Suppose 4*x + 5*u = 108, 4*x - 168 = -x + 2*u. Suppose -m + 4*y + 80 = x, -5*y = m - 75. What are the prime factors of m?
2, 3, 5
Suppose 4463 = 4*l - 2629. List the prime factors of (-5)/(-20) + l/12.
2, 37
Let k = 80 - -7. Let c = k + -20. List the prime factors of c.
67
Let o = -18 - -20. What are the prime factors of (6/9)/(o/75)?
5
Let g(v) = -66*v**3 - 2*v**2 - v. Let t be g(-1). Suppose 0 = 3*o - 43 - t. List the prime factors of o.
2, 3
List the prime factors of 4*-1 + 3/(21/3598).
2, 3, 5, 17
Let t be ((-54)/(-15))/((-2)/10). Suppose -3*n + i + 19 = 0, 2 = -n + 5*i - 1. Let p = n - t. List the prime factors of p.
5
Let y be 1 + -2 + 4 + -1. Let n(a) = 2*a**3 - 3*a**2 - a + 2. What are the prime factors of n(y)?
2
Let i be (-4)/(-9)*72/16. Suppose 3*h - 8 = h. Suppose 2*k - d + h*d - 50 = 0, -i*k - 2*d = -52. List the prime factors of k.
2, 7
Let w = 29 - 34. Let c be 26/65 - (-2)/w. What are the prime factors of -14*(c + (2 - 4))?
2, 7
Let o(u) = u**2 - 26*u + 24. Let k be o(25). What are the prime factors of k + 116 + (-6 + -14)/5?
3, 37
Suppose -2*v + 3*w + 0*w = -717, 0 = -3*v - 3*w + 1038. List the prime factors of v.
3, 13
Let l(t) = t**2 - 2*t - 2. Let r be l(3). Let y(w) = 0 - r + w - w + w. List the prime factors of y(9).
2
Let c(v) = -3*v + 20. Suppose -p = -i + 3, -3*i - 3*p + 27 + 12 = 0. Let z be c(i). List the prime factors of ((192 + 0)/z)/(-1).
2, 3
List the prime factors of 1200 + (8/16 - 1/(-2)).
1201
Let i = 12 - -6. What are the prime factors of 10/(-45) + 1318/i?
73
Suppose -31 = 3*w + m, -2*w + 15 = -5*m + 47. Let y = -12 - w. Let p = 3 - y. List the prime factors of p.
2
Let z be 1 + 7/(7/4). Let w(q) = -9*q - 6. Let j(b) = -18*b - 11. Let u(v) = -3*j(v) + 5*w(v). List the prime factors of u(z).
2, 3
Suppose 0 = -3*y + 3*k + 12, 3*y - k = 1 + 7. Suppose 4*i - 5*x = -x + 276, -2*i = -x - 135. Suppose y*p = -p + i. What are the prime factors of p?
2, 11
Let g(w) = 6*w**2 - 1. Let o be g(-1). Suppose o*z - 25 = -0*z. Suppose -z*y + 3*y = 10, 5*b - y = 105. What are the prime factors of b?
2, 5
Suppose n = -4*v - 3*n + 12552, -4*v + 12554 = 3*n. What are the prime factors of v?
2, 5, 157
Let k(o) = o**3 + 22*o**2 - 73*o + 25. What are the prime factors of k(11)?
5, 643
Let y(n) = n**3 + 7*n**2 - 7*n + 15. Let i be y(-8). Let k be 2/i - 290/35. Let t = k - -13. What are the prime factors of t?
5
Suppose 2*p = 2*t + 11064, 5*p - 22763 - 4900 = 6*t. What are the prime factors of p?
3, 19, 97
Let n = 116 + -58. Suppose 0 = -2*j + 5*r, 0 = 3*r + 12. What are the prime factors of n/4 - j/20?
3, 5
What are the prime factors of (-25 + -1)/((-8)/428)?
13, 107
Suppose -166*u + 119*u + 12831 = 0. List the prime factors of u.
3, 7, 13
Let v = -369 - -772. What are the prime factors of v?
13, 31
Let u = -390 + 731. List the prime factors of u.
11, 31
What are the prime factors of (-80793)/(-94) - 1/2?
859
Let s = -30 - -30. Let l(y) = y**3 - 2*y**2 - y + 11. List the prime factors of l(s).
11
Suppose -4*g + 5 - 17 = 0. What are the prime factors of (-1)/g + 910/15?
61
Suppose y - 5*t = 1453, -5*y + 69*t - 70*t = -7135. What are the prime factors of y?
2, 3, 7, 17
Let r(p) = -6*p - 8. Let h be r(-4). Let f = h + 6. List the prime factors of f.
2, 11
Suppose 3*l + 350 = 5*a - 164, -4*a + 414 = -l. Suppose -2*i = -i + 4*g + 52, 2*g = -2*i - a. Let j = i + 87. List the prime factors of j.
5, 7
Let f = -247 + 493. What are the prime factors of f?
2, 3, 41
Let g = 2128 + 41. List the prime factors of g.
3, 241
Suppose 4*r + 81 = r. Let h = 29 + r. Suppose h*v - 55 = 65. List the prime factors of v.
2, 3, 5
Suppose 119 - 27 = 4*z. Suppose -n + z = -2. Let c = -11 + n. 